{"id":1134,"date":"2021-08-05T11:56:41","date_gmt":"2021-08-05T09:56:41","guid":{"rendered":"https:\/\/www.tsv-muenchingen.de\/fussball\/?page_id=1134"},"modified":"2022-01-16T10:17:39","modified_gmt":"2022-01-16T09:17:39","slug":"b2-juniorinnen-saisons-2019-bis-2020","status":"publish","type":"page","link":"https:\/\/www.tsv-muenchingen.de\/fussball\/mannschaften\/juniorinnen\/b-juniorinnen-ii\/berichte\/b2-juniorinnen-saisons-2019-bis-2020\/","title":{"rendered":"B2 Juniorinnen Saisons 2019 bis 2020"},"content":{"rendered":"\n<p><strong>Spielbericht von unseren B2-Juniorinnen vom 3. Spieltag am 17.10.2020:<\/strong><br><br><strong>FC Welzheim 06 &#8211; TSV M\u00fcnchingen II: 1:5<\/strong><br><br>Am Samstag Morgen machten sich unsere B2 M\u00e4dels auf den Weg zum 3. Kreisstaffelspiel, der Saison, nach Welzheim. Unsere M\u00e4dels hatten ein Ziel, die 3 Punkte mit nach Hause zu nehmen.<br>Welzheim, der bisherige Tabellenf\u00fchrer, hatte sich viel vorgenommen und begann das Spiel druckvoll.<br>Nach 10 Minuten dann die erste riesen Chance, f\u00fcr die Gastgeberinnen und der Ball landete im TSV Tor. Doch der Schiri entschied, zu recht, auf Abseits.<br>Diese Chance war ein Weckruf f\u00fcr unsere TSV M\u00e4dels, welche ab diesem Zeitpunkt das Spiel kontrollierten. Der Ball lief sich in den eigenen Reihen und wir spielten uns gute Chancen raus. In der 20. Minute schoss Joelle einen gut herausgespielten Angriff, durch einen Distanzschuss, unhaltbar, zum 0:1 der TSV M\u00e4dels ab.<br>Das 0:1 war zu gleich der Pausenstand.<br>Den Anfang der 2. H\u00e4lfte hatten die Blau-Wei\u00dfen etwas verschlafen und die Welzheimerinnen kamen gef\u00e4hrlich vor das TSV Tor. Doch nach etwa 50 gespielten Minuten haben die Trainer, unsere M\u00e4dels wachger\u00fcttelt und M\u00fcnchingen \u00fcbernahm wieder das Spiel und spielten sich gute Chancen heraus. Eine der Chancen f\u00fchrte in der 55. Minute zu einem Eckball, ausgef\u00fchrt von Joelle, f\u00e4lschte eine Gegenspielerin den Ball unhaltbar ins eigene Tor ab, 0:2. Mit dem Ergebnis im R\u00fccken spielte es sich nun noch besser und 6 min sp\u00e4ter belohnte sich Joelle mit dem 0:3, f\u00fcr eine herausragende Leistung.<br>Die Welzheimerinnen lie\u00dfen nun die K\u00f6pfe h\u00e4ngen und unsere M\u00e4dels erh\u00f6hten in der 69. Minute durch Nejla zum 0:4. Wiederum 3 Minuten sp\u00e4ter, in der 72. Spielminuten, schoss Malou das 0:5.<br>Nun schaltet die M\u00e4dels einen Gang zur\u00fcck und schenkten den Gastgeberinnen, durch ein echt ungl\u00fccklich abgef\u00e4lschten Ball ins eigene Tor, den Anschlusstreffer zum 1:5.<br>Gleichzeitig war das auch der Schlu\u00dfpfiff und somit der Endstand.<br><br>Mit dem hochverdienten Ausw\u00e4rtssieg, beim Tabellenf\u00fchrer aus Welzheim, setzten die M\u00e4dels ein Zeichen.<br><br><strong>Gro\u00dfartige Leistung, M\u00e4dels. Weiter so!!!<\/strong><br><br>Es spielten (Tore): Sophia, Katha, Michelle, Alessia, Joelle (2), Alex, Noemi, Ruby, Marie B., Maria, Malou (1), Medina, Nejla (1)<\/p>\n\n\n\n<figure class=\"wp-block-image size-large\"><img loading=\"lazy\" decoding=\"async\" width=\"1024\" height=\"479\" src=\"https:\/\/www.tsv-muenchingen.de\/fussball\/wp-content\/uploads\/sites\/8\/2022\/01\/img-20201017-wa0001-1024x479.jpg\" alt=\"\" class=\"wp-image-1911\" title=\"\" srcset=\"https:\/\/www.tsv-muenchingen.de\/fussball\/wp-content\/uploads\/sites\/8\/2022\/01\/img-20201017-wa0001-1024x479.jpg 1024w, https:\/\/www.tsv-muenchingen.de\/fussball\/wp-content\/uploads\/sites\/8\/2022\/01\/img-20201017-wa0001-300x140.jpg 300w, https:\/\/www.tsv-muenchingen.de\/fussball\/wp-content\/uploads\/sites\/8\/2022\/01\/img-20201017-wa0001-768x359.jpg 768w, https:\/\/www.tsv-muenchingen.de\/fussball\/wp-content\/uploads\/sites\/8\/2022\/01\/img-20201017-wa0001-1536x718.jpg 1536w, https:\/\/www.tsv-muenchingen.de\/fussball\/wp-content\/uploads\/sites\/8\/2022\/01\/img-20201017-wa0001.jpg 1600w\" sizes=\"auto, (max-width: 1024px) 100vw, 1024px\" \/><\/figure>\n\n\n\n<p><strong>Spielbericht vom&nbsp;2. Meisterschaftsspiel unserer B2 Juniorinnen vom 26.09.2020:<\/strong><\/p>\n\n\n\n<p><strong>SV&nbsp;Allmersbach&nbsp; &#8211;&nbsp; TSV M\u00fcnchingen II&nbsp; 1:4<\/strong><\/p>\n\n\n\n<p>Das&nbsp;2. Meisterschaftsspiel fand in Allmersbach statt. Da die gegnerische Mannschaft auch mit Spielerinnen ohne offiziellen Pass antrat, wurde das Ergebnis f\u00fcr die Punkterunde nicht gewertet. Von Anfang an hatten unserer M\u00e4dels Kontrolle \u00fcber das Spiel. Das zeigte sich auch in der Feld\u00fcberlegenheit. Es wurde versucht sich spielerisch \u00fcber die Au\u00dfenpositionen Chancen herauszuspielen. Dies gelang aber meistens nur bis kurz vor den 16 Meterraum von Allmersbach. Der letzte Pass wurde zu ungenau gespielt oder es kam nicht zum Torabschluss. Daher gab es bis kurz vor der Halbzeit auch nur 2 Chancen. In der 38. Minute aber dann doch die verdiente F\u00fchrung f\u00fcr M\u00fcnchingen. Medina traf zum 0:1. So ging es in die Halbzeitpause. Kurz nach Beginn der&nbsp;2ten Halbzeit fiel der 1:1 Ausgleichstreffer. Beim Flachschuss hatte Maren im Tor keine Chance. Aber nur 2 Minuten sp\u00e4ter wieder die 1:2 F\u00fchrung f\u00fcr M\u00fcnchingen. Einen direkt verwandelten Freisto\u00df konnte die Allmersbacher Torh\u00fcterin nicht festhalten. In der 68. Minute dann schlie\u00dflich das 1:3. Nach einer un\u00fcbersichtlichen Situation im Mittelfeld kam der Ball quer vors&nbsp; Allmersbacher Tor, wo Sophia goldrichtig stand und nur noch einschieben musste. Unsere M\u00e4dels blieben danach weiter am Dr\u00fccker und mit dem Schlusspfiff fiel noch das 1:4. Torsch\u00fctzin war wieder Sophia.<\/p>\n\n\n\n<p><strong>Wieder ein verdienter Sieg unserer M\u00e4dels.<\/strong><\/p>\n\n\n\n<p>Es spielten (Tore): Maren, Joelle, Alessia, Isabell, Michelle, Katha, Maria, Noemi, Malou, Medina (1), Alexandra (1), Esma, Sophia (2)&nbsp;<\/p>\n\n\n\n<p><strong>Spielbericht vom 1. Meisterschaftsspiel unserer B2 Juniorinnen vom 19.09.2020:<\/strong><\/p>\n\n\n\n<p><strong>TSV M\u00fcnchingen II &#8211; SV Hegnach II: 2:1<\/strong><\/p>\n\n\n\n<p>Zum 1. Punktspiel empfingen unsere&nbsp;B-Juniorinnen II die G\u00e4ste aus Hegnach.<\/p>\n\n\n\n<p>Von Beginn an \u00fcbernahmen unsere M\u00e4dels die Kontrolle \u00fcber das Spiel. Durch gute Kombinationen konnten einige&nbsp;Chancen herausgespielt werden. Im Abschluss fehlte aber manchmal das Gl\u00fcck oder die Torh\u00fcterin aus Hegnach stand dem Torerfolg im Weg. In der 23. Minute dann aber die kalte Dusche. Ein langer Pass aus der generischen H\u00e4lfte wurde von der Hegnacher St\u00fcrmerin noch ein paar Meter mitgenommen&nbsp;und dann zappelte der Ball im Netz. Die bis zu diesem Zeitpunkt unverdiente F\u00fchrung f\u00fcr die G\u00e4ste. M\u00fcnchingen blieb auch danach Feld\u00fcberlegen, leider aber noch ohne eigenen Torerfolg. Auch mit Beginn der zweiten Halbzeit fand das Spielgeschehen \u00fcberwiegend in der H\u00e4lfte der G\u00e4ste statt. Es dauerte aber bis zur 65 Minute bis der Ausgleich fiel. Nach einem Eckball kam der Ball nochmal zu Ruby, deren Schuss die Torh\u00fcterin nur noch ins eigene Tor lenken konnte. Ausgleich !! Die letzten Minuten versuchten unsere M\u00e4dels nochmal alles und trafen in der 79 Minute zum hochverdienten 2:1. Nach einem tollen Pass von Medina in die Spitze war Marie zur Stelle und erzielte den letztendlichen Siegtreffer. Ein insgesamt hochverdienter Sieg unserer M\u00e4dels. Weiter so!!<\/p>\n\n\n\n<p>Es spielten (Tore): Maren, Joelle, Alessia, Isabell, Michelle, Maria, Marie (1), Ruby (1), Noemi, Malou, Medina, Alexandra, Chiara<\/p>\n\n\n\n<p><\/p>\n\n\n\n<p><strong>Spielbericht vom 5. Meisterschaftsspiel der B2 Juniorinnen vom 23.11.2019:<\/strong><\/p>\n\n\n\n<p><strong>TSV M\u00fcnchingen &#8211; SV Horrheim: 0:5<\/strong><br><br>Bei unserem letzten Heimspiel in der Hinrunde in dieser Saison spielten unsere B2 Juniorinnen gegen die M\u00e4dels aus Horrheim. Nach zerfahrenem Anfang erspielten sich beide Teams Torchancen. In der 28. Spielminute liefen wir leider in einen Konter und fingen uns etwas ungl\u00fccklich das 0:1.<br>Kurz vor der Halbzeit erh\u00f6hte Horrheim auf 0:2.<br>Hoch motiviert gingen wir in die 2. Halbzeit, mit dem Willen das Spiel nochmal zu drehen. Doch leider wurden unsere Bem\u00fchungen nicht belohnt und wir bekamen 3 weitere Gegentore zum Endstand von 0:5.<br><br>Es spielten:<br>Elina, Marie, Ronja, Josi H., Katha, Alessia, Maria, Alessa, Joelle, Shirin, Francesca, Isabella, Josi S., Linda<\/p>\n\n\n\n<p><\/p>\n\n\n\n<p><strong>Spielbericht vom 4. Meisterschaftsspiel der B2 Juniorinnen vom 16.11.2019:<\/strong><\/p>\n\n\n\n<p><strong>SV Salamander Kornwestheim &#8211; TSV M\u00fcnchingen 2: 1:4<\/strong><br><br>Beim Ausw\u00e4rtsspiel in Kornwestheim ging es f\u00fcr unsere M\u00e4dels darum, die hohe Niederlage aus der Vorwoche vergessen zu machen. Entsprechend engagiert und konzentriert gingen sie zur Sache. Von Anfang an war zu sp\u00fcren, dass sie unbedingt drei Punkte mit nach Hause nehmen wollten. Die Zweik\u00e4mpfe wurden konsequent gef\u00fchrt, die Laufbereitschaft war da so dass man zwangsl\u00e4ufig in der 18. Minute in F\u00fchrung ging. Von dem Tor befl\u00fcgelt konnte der Druck aufrecht erhalten werden und die Mannschaft belohnte sich kurz vor der Pause noch mit dem zweiten Tor. Nach der Halbzeit b\u00e4umten sich die Spielerinnen aus Kornwestheim nochmal auf und erzielten auch kurz darauf den Anschlusstreffer zum 1:2. Aber die Moral unserer M\u00e4dels war weiterhin sehr hoch, durch ihren Einsatz haben sie sich ins Spiel zur\u00fcck gek\u00e4mpft und schossen folgerichtig das dritte Tor zum 1:3. Aber das war nicht genug, unsere Mannschaft hielt die Spannung aufrecht und lie\u00df den Gegnern kaum eine Chance, nahezu mit dem Schlusspfiff fiel das vierte Tor und die drei Punkte gingen nach M\u00fcnchingen. Weiter so!<br><br>Es spielten (Tore): Elina, Ronja, Katharina, Alessia, Fabia (2), Shirin, Maria, Amelie (1), Joelle (1), Josephine, Alessa, S\u00fceda und Chiara<\/p>\n\n\n\n<p><strong>Spielbericht vom 3. Meisterschaftsspiel der B2 Juniorinnen vom 09.11.2019:<\/strong><br><br><strong>TSV M\u00fcnchingen 2 &#8211; SV Hegnach: 0:18<\/strong><\/p>\n\n\n\n<p>Unsere B2 Juniorinnen erwischten einen rabenschwarzen Tag und verloren gegen einen sehr guten Gegner auch in dieser H\u00f6he v\u00f6llig verdient. Ohne echte Torspielerin und ersatzgeschw\u00e4cht konnten wir nur phasenweise mit den \u00fcberlegenen Gegnerinnen mithalten. Letztendlich ein Spiel zum Vergessen und Abhacken. Kopf hoch und weitermachen. Beim n\u00e4chsten Spiel gilt es ein anderes Gesicht zu zeigen.<\/p>\n\n\n\n<p>Es spielten: Joelle, Fabia, Shirin, Katha, Francesca, Marie B. Josephine H., Ronja E., Alessia, Maria, Chiara, Aline und Josephine S.<\/p>\n\n\n\n<p><\/p>\n\n\n\n<p><strong>Spielbericht vom 2. Meisterschaftsspiel der B2 Juniorinnen vom 12.10.2019:<\/strong><br><br><strong>SG Schorndorf \u2013 TSV M\u00fcnchingen 2: 7:0<\/strong><br><br>Bei ihrem zweiten Spiel in dieser Saison mussten die M\u00e4dels der B2-Juniorinnen nach Schondorf fahren. Leider konnte man durch viele Absagen gerade so eine Mannschaft ohne Auswechselspielerinnen stellen. Das Spiel war in den ersten Minuten sehr zerfahren, denn man hatte in dieser Konstellation noch nie zusammengespielt. Nach ca. 20 Minuten fingen sich die M\u00e4dels und begannen, sich Torchancen herauszuspielen. Die gr\u00f6\u00dfte Chance hatte Shirin in der 30. Minute, als sie durch eine sch\u00f6ne Kombination freigespielt wurde, aber ihr Schuss prallte vom Pfosten ab. Kurz danach wehrte Marie hervorragend eine Gro\u00dfchance der Gegnerinnen ab, der Abpraller wurde dann aber zum 1:0 genutzt, allerdings \u00fcbersah hier der Schiedsrichter nach dem Abspiel eine klare Abseitsposition. Kurz vor dem Halbzeitpfiff erh\u00f6hte Schorndorf noch auf 2:0. Zu diesem Zeitpunkt war das Spiel ausgeglichen, aber man merkte bereits, dass das st\u00e4ndige Wechseln des Gegners unsere M\u00e4dels an die Grenzen brachte und die Kraft immer mehr nachlie\u00df.<br>In der zweiten Halbzeit warfen unsere B2-M\u00e4dels alles rein, aber die k\u00f6rperliche Unterlegenheit f\u00fchrte dazu, dass der Gegner vor dem Tor einfach schneller und spritziger war. Trotzdem waren sehr sch\u00f6ne Passkombinationen zu sehen, die zeigten, dass wir spielerisch durchaus mithalten konnten, teilweise haben wir den besseren Fu\u00dfball gespielt, hatten auch in der Schlussphase eine weitere Gro\u00dfchance, die wir aber leider nicht nutzen konnten. Der hohe Endstand von 7:0 war zu hoch, war nur der physischen \u00dcberlegenheit des Gegners geschuldet und spiegelte nicht die fu\u00dfballerischen F\u00e4higkeiten wider. Kopf hoch M\u00e4dels, ihr habt alles gegeben!<\/p>\n\n\n\n<p>Es spielten: Marie B., Ronja E., Josephine, Alessia, Noemi, Shirin, Joelle, Ruby und S\u00fceda<\/p>\n\n\n\n<p><strong>Spielbericht vom 1. Meisterschaftsspiel unsere B2 Juniorinnen vom 21.09.19:<\/strong><br><br><strong>TSV M\u00fcnchingen 2 &#8211; SV Allmersbach:&nbsp;7:1<\/strong><br><br>Nach anf\u00e4nglichen Schwierigkeiten mit der neuen Konstellation fanden sich unsere M\u00e4dels aber immer besser zu Recht und es entwickelte sich ein sehr gutes Spiel unserer Mannschaft. Unsere M\u00e4dels waren gut aufgelegt und spielerisch klar besser. Mit guten Passkombinationen war man immer wieder schnell vorm gegnerischen Geh\u00e4use. Zwangsl\u00e4ufig fielen die Tore im Minutentakt. Zur Halbzeit f\u00fchrten unsere M\u00e4dels hochverdient mit 5:0.<br>Nach der Halbzeitpause fehlte kurzfristig die Ordnung im Spiel, sodass die G\u00e4ste aus Allmersbach aus einem Konter den Anschlusstreffer erzielten. Danach fing sich die Mannschaft wieder und es zeigte sich ein \u00e4hnliches Bild wie in der ersten H\u00e4lfte. Allerdings lie\u00dfen unsere M\u00e4dels viele gute Chancen bis auf zwei ungenutzt. Am Ende stand ein hochverdienter 1. Heimsieg f\u00fcr unsere M\u00e4dels.<br><br>Es spielten (Tore): Elina, Shirin (2), Katha, Alissa, Alessia, Annika (2), S\u00fceda, Ronja E., Josephine (1), Maria, Marie, Francesca (2)<\/p>\n\n\n\n<p><\/p>\n","protected":false},"excerpt":{"rendered":"<p>Spielbericht von unseren B2-Juniorinnen vom 3. Spieltag am 17.10.2020: FC Welzheim 06 &#8211; TSV M\u00fcnchingen II: 1:5 Am Samstag Morgen machten sich unsere B2 M\u00e4dels auf den Weg zum 3. Kreisstaffelspiel, der Saison, nach Welzheim. Unsere M\u00e4dels hatten ein Ziel, die 3 Punkte mit nach Hause zu nehmen.Welzheim, der bisherige Tabellenf\u00fchrer, hatte sich viel vorgenommen [&hellip;]<\/p>\n","protected":false},"author":40,"featured_media":0,"parent":1248,"menu_order":0,"comment_status":"closed","ping_status":"closed","template":"","meta":{"ngg_post_thumbnail":0,"footnotes":""},"class_list":["post-1134","page","type-page","status-publish","hentry"],"publishpress_future_action":{"enabled":false,"date":"2026-04-26 19:15:49","action":"change-status","newStatus":"draft","terms":[],"taxonomy":"","extraData":[]},"publishpress_future_workflow_manual_trigger":{"enabledWorkflows":[]},"_links":{"self":[{"href":"https:\/\/www.tsv-muenchingen.de\/fussball\/wp-json\/wp\/v2\/pages\/1134","targetHints":{"allow":["GET"]}}],"collection":[{"href":"https:\/\/www.tsv-muenchingen.de\/fussball\/wp-json\/wp\/v2\/pages"}],"about":[{"href":"https:\/\/www.tsv-muenchingen.de\/fussball\/wp-json\/wp\/v2\/types\/page"}],"author":[{"embeddable":true,"href":"https:\/\/www.tsv-muenchingen.de\/fussball\/wp-json\/wp\/v2\/users\/40"}],"replies":[{"embeddable":true,"href":"https:\/\/www.tsv-muenchingen.de\/fussball\/wp-json\/wp\/v2\/comments?post=1134"}],"version-history":[{"count":3,"href":"https:\/\/www.tsv-muenchingen.de\/fussball\/wp-json\/wp\/v2\/pages\/1134\/revisions"}],"predecessor-version":[{"id":1930,"href":"https:\/\/www.tsv-muenchingen.de\/fussball\/wp-json\/wp\/v2\/pages\/1134\/revisions\/1930"}],"up":[{"embeddable":true,"href":"https:\/\/www.tsv-muenchingen.de\/fussball\/wp-json\/wp\/v2\/pages\/1248"}],"wp:attachment":[{"href":"https:\/\/www.tsv-muenchingen.de\/fussball\/wp-json\/wp\/v2\/media?parent=1134"}],"curies":[{"name":"wp","href":"https:\/\/api.w.org\/{rel}","templated":true}]}}