{"id":340,"date":"2021-07-28T15:47:12","date_gmt":"2021-07-28T13:47:12","guid":{"rendered":"https:\/\/www.tsv-muenchingen.de\/fussball\/?page_id=340"},"modified":"2022-01-23T09:11:36","modified_gmt":"2022-01-23T08:11:36","slug":"b1-maedels-saison-20-21","status":"publish","type":"page","link":"https:\/\/www.tsv-muenchingen.de\/fussball\/mannschaften\/juniorinnen\/b-juniorinnen-i\/berichte\/b1-maedels-saison-20-21\/","title":{"rendered":"B1 M\u00e4dels Saison 20\/21"},"content":{"rendered":"\n<p><strong>Spielbericht vom 7. Meisterschaftsspiel in der Oberliga unserer B1 Juniorinnen vom 24.10.2020:<\/strong><\/p>\n\n\n\n<p><strong>TSV M\u00fcnchingen 1 \u2013 FV L\u00f6chgau: 0:5<\/strong><\/p>\n\n\n\n<p>Beim heutigen Derby hatten wir den FV L\u00f6chgau zu Gast. Wir rechneten uns schon im Vorfeld keine gro\u00dfen Chancen aus da die Mannschaft vom FV L\u00f6chgau in der vergangenen Saison mit nahezu unver\u00e4ndertem Kader in der Bundesliga spielte. Der Gegner war am heutigen Tag klar das bessere Team. Beim Spielaufbau und dem Spiel ohne Ball sah man schon die Erfahrung aus der Bundesliga des FV L\u00f6chgau und den Unterschied zwischen einer ehemals Bundesliga \u2013 &nbsp;und einer ehemals Verbandsliga &#8211; Mannschaft. Aber nichts desto trotz k\u00e4mpften unsere M\u00e4dels und hielten dagegen, was sich auch schon in der Tatsache zeigte, da\u00df der FV L\u00f6chgau in der ersten H\u00e4lfe drei der vier Tore ausschlie\u00dflich aus Standards erzielte. Bei den Standards handelte es sich um einen Elfmeter und zwei Freist\u00f6\u00dfe nahe unseres 16 Meter Raumes. Das Spiel verlief weiter sehr k\u00f6rperbetont und unsere M\u00e4dels hatten einiges zu tun da gegenzuhalten. In der zweiten H\u00e4lfte versuchte das TSV \u2013 Team keine Standartsituationen mehr in der N\u00e4he des eigenen Tors zu erzeugen und nun sah man auch deutlich, da\u00df sich die L\u00f6chgauer sehr schwer taten ein Tor spielerisch zu erzielen. &nbsp;Dies wieder spricht f\u00fcr eine gute Leistung unserer M\u00e4dels, aber das Ergebnis es leider so nicht zeigt. Jedes Spiel ist f\u00fcr die Mannschaft eine neue Erfahrung. So nehmen wir auch heute wieder neue Erkenntnisse mit an denen gearbeitet werden kann. Alles in allem hat unser gro\u00dfer Kader an Spielerinnen heute wieder einen gro\u00dfen Teamgeist auf und neben dem Platz gezeigt, der freundschaftliche Umgang untereinander und der gro\u00dfe Zusammenhalt waren wieder sch\u00f6n anzusehen. Ein gro\u00dfer Dank geht an all die, die diesen Teamspirit bei allen mannschafts\u00fcbergreifenden B- M\u00e4dels mit gro\u00dfem Ehrgeiz und Engagement f\u00f6rdern.<\/p>\n\n\n\n<p><strong>Das gesamte Team w\u00fcnscht unserer Eila die sich bei vollem Einsatz verletzt hat, gute Besserung und hoffen wir sehen sie bald wieder auf dem Platz.<\/strong><\/p>\n\n\n\n<p>Es spielten (Tore): Maren, Anja, Eila, Hanna, Ronja, Marie, Lotta, Sophia, Julia, Josephine, Chiara, Joelle, Jolina, Noemi, Marie B. ,Annika, Malou, Alexandra, Allesia, Ruby<\/p>\n\n\n\n<p><strong>Spielbericht vom 6. Meisterschaftsspiel in der Oberliga unserer B1 Juniorinnen vom 17.10.2020:<\/strong><\/p>\n\n\n\n<p><strong>SC Sand &#8211; TSV M\u00fcnchingen 1: 4:1<\/strong><\/p>\n\n\n\n<p>Heute am 5. Spieltag f\u00fchrte uns der Weg zu einem gro\u00dfen Namen im Frauenfu\u00dfball den SC Sand. Von der ersten Minute an waren die Gegnerinnen am heutigen Tag das k\u00e4mpferisch und spielerisch bessere Team. Unsere M\u00e4dels kamen von Anfang an nicht gut ins Spiel und durch viele Fehler stand es dann auch schon nach kurzer Zeit 1:0. Auf das erste Tor folgte dann in der 11. Minute das Zweite.Die erste Halbzeit verlief weiter sehr durchwachsen und wir erhielten im Verlauf zwei weitere Tore zum Halbzeitstand von 4:0. In der Halbzeit wurde die Mannschaft noch einmal eingeschworen, was sich dann in der zweiten H\u00e4lfte auch positiv auswirke. Die M\u00e4dels wehrten sich jetzt vehementer gegen die Angriffe des Gegners und lie\u00dfen deutlich weniger Torchancen zu.&nbsp; Im Gegenteil, in der 75. Minute gelang unserer Kapit\u00e4nin Marie ein sch\u00f6ner Pass auf den Fu\u00df von Ronja die den Ball dann gezielt im gegnerischen Tor versenkte. Wir waren nun besser im Spiel aber leider lief uns die Zeit davon, so dass wir mit einem Endstand von 4:1 vom Platz gingen. Auf der zweist\u00fcndigen Heimfahrt im Bus verbesserte sich dann auch wieder die Stimmung und die Niederlage war fast vergessen.<\/p>\n\n\n\n<p><strong>Kopf hoch M\u00e4dels weiter geht\u2019s nach dem Spiel ist vor dem Spiel!<\/strong><\/p>\n\n\n\n<p>Es spielten (Tore): Maren, Anja, Eila, Hanna, Hannah, Jolina, Marie, Fabia, Julia, Lotta, Josephine, Lea, Ronja (1), Letizia, Annika, Chiara<\/p>\n\n\n\n<p><strong>Spielbericht vom 5. Meisterschaftsspiel in der Oberliga unserer B1 Juniorinnen vom 10.10.2020:<\/strong><\/p>\n\n\n\n<p><strong>TSV M\u00fcnchingen 1 \u2013 FC Ellwangen: 4:1<\/strong><\/p>\n\n\n\n<p>Heute am 5. Spieltag hatten wir den FC Ellwangen zu Gast. Unsere M\u00e4dels kamen hoch motiviert auf den Platz, vergessen war die Niederlage vom vergangenen Spieltag. Gleich zu Beginn des Spiels war klar in welche Richtung das Spielgeschehen stattfinden soll, unsere M\u00e4dels waren fest entschlossen drei Punkte nach M\u00fcnchingen zu holen. Die Mannschaft kombinierte vor das Ellwanger Tor durch die Mitte und Hannah erzielte bereits in der 4. Minute den F\u00fchrungstreffer zum 1:0. Im weiteren Verlauf der ersten Halbzeit gelang es uns leider nicht die zahlreich erarbeiteten Torchancen in Tore umzusetzen so dass es mit einem 1:0 in die Halbzeit ging. Entschlossen die F\u00fchrung weiter auszubauen kam die Mannschaft nach der Halbzeit wieder zur\u00fcck auf den Platz. Nach dem Wiederanpfiff sahen wir einen gro\u00dfen Kampfgeist in der Mannschaft. Sie spielten schnelle P\u00e4sse vor das Ellwanger Tor und so dauerte es auch nicht lange bis unsere Julia das 2:0 in der 48. Minute erzielte. Nun mobilisierte auch der Gegner all seine Kr\u00e4fte und \u00fcber einen langen Ball auf en Fu\u00df von Josephine Wild erzielte Ellwangen das Gegentor zum 2:1. Der TSV lie\u00df sich hier aber nicht beeindrucken und spielte weiter sein Spiel nach vorne. In der 62. Minute gab es dann einen Eckball f\u00fcr den TSV den Letizia souver\u00e4n in ein Tor zum 3:1 verwandelte. Das Spiel verlief weiterhin sehr sehenswert und auf hohem Niveau. In der 71. Minute trat unsere Josephine &nbsp;an der Mittellinie kraftvoll gegen den Ball und dieser flog geradewegs in das gegnerische Tor zum 4:1 Endstand.<\/p>\n\n\n\n<p><strong>M\u00e4dels das war wieder ein tolles und unterhaltsames Spiel f\u00fcr uns Zuschauer, weiter so, es macht Spa\u00df euch zuzuschauen!!<\/strong><\/p>\n\n\n\n<p>Es spielten (Tore): Maren, Anja, Hanna W., Hannah,&nbsp; (1), Ronja, Jolina, Letizia (1), Marie, Lotta, &nbsp;Josephine (1), Chiara, Eila, Josephine S., Annika, Fabia, Julia (1)<\/p>\n\n\n\n<p><strong>Spielbericht vom 4. Meisterschaftsspiel in der Oberliga unserer B1 Juniorinnen vom 03.10.2020:<\/strong><\/p>\n\n\n\n<p><strong>Hegauer FV &#8211; TSV M\u00fcnchingen 1: 6:1<\/strong><\/p>\n\n\n\n<p>Am heutigen Tag fuhr uns der Mannschaftsbus an den Bodensee zum erstplatzierten den Hegauer&nbsp; FV. Uns war bewusst, dass es ein sehr schweres Spiel werden wird. Unsere Bef\u00fcrchtung best\u00e4tigte sich gleich in den ersten Minuten als der Gegner in unser Tor traf. Die erste Halbzeit verlief ziemlich zerfahren, hier erhielten wir auch die meisten Gegentore. Kurz vor der Halbzeit erzielte Ronja aber dann doch noch unseren Ehrentreffer. Nach einer l\u00e4ngeren verletzungsbedingten Halbzeitpause wurde die Partie dann wieder angepfiffen. Unsere M\u00e4dels sortierten sich neu und der Spielverlauf sah schon deutlich besser aus. Die Mannschaft erspielte sich einige Torchancen, aber belohnte sich nicht mit einem Treffer. Am Ende stand dann das Ergebnis 6:1.<\/p>\n\n\n\n<p><strong>Der verletzten Spielerin des Hegauer FV w\u00fcnscht die gesamte Mannschaft gute Besserung und wir hoffen sie kann bald wieder spielen.<\/strong><\/p>\n\n\n\n<p>Es spielten (Tore): Ida, Anja, Hanna W., Hanna P., Ronja (1), Letizia, Marie, Fabia, Julia, Josephine, Chiara, Eila, Jolina, Sophia, Annika, Maren<\/p>\n\n\n\n<p><strong>Spielbericht vom 3. Meisterschaftsspiel in der Oberliga unserer B1 Juniorinnen vom 26.09.2020:<\/strong><\/p>\n\n\n\n<p><strong>TSV M\u00fcnchingen 1 \u2013 TSV Tettnang: 0:0<\/strong><\/p>\n\n\n\n<p>Heute besuchte uns bei miesem Wetter der seit vielen Jahren in der Oberliga etablierte Verein<\/p>\n\n\n\n<p>TSV Tettnang. &nbsp;Es war ein Spiel auf Augenh\u00f6he, in dem sich beide Mannschaften nichts schenkten.<\/p>\n\n\n\n<p>Unsere Mannschaft versuchte zun\u00e4chst mit einer neuen Taktik den Gegner zu bezwingen, dieses lie\u00df sich aber nicht in allen Punkten umsetzen und es wurde wieder auf alt bew\u00e4hrtes umgestellt. Es war ein sehr spannendes Match \u00fcber 80 Minuten in denen die tolle Leistung unserer Ida hervorzuheben ist. Neben der Ida hatte auch unsere Abwehr alle H\u00e4nde voll zu tun den gegnerischen Ball vom Tor fernzuhalten, dieses gelang den M\u00e4dels bestens. Der TSV versuchte mit schnellen B\u00e4llen und Kombinationen den Ball nach vorne zu spielen, aber auch der Gegner stand wie eine Wand. In den letzten Minuten der Partie machten es beide Mannschaften noch einmal richtig spannend und drehten noch mal voll auf mit Chance auf beiden Seiten. Doch auch in diesen Minuten gew\u00e4hrte keine der Mannschaften der anderen ein Tor, so dass es 0:0 zum Abpfiff stand. Alles in allem war es ein sch\u00f6nes und spannendes Spiel, wenn auch die Entscheidungen des Schiedsrichters nicht immer nachvollziehbar waren. Hervorzuheben ist auch der Spielgeist des \u201eFairplay\u201c den beide Mannschaften heute eindrucksvoll an den Tag gelegt haben, in dem sie zu Ungunsten ihrer eigenen Mannschaft die Entscheidung des Referee korrigiert haben. Hierf\u00fcr der allergr\u00f6\u00dfte &nbsp;Respekt an beide Mannschaften!!!<\/p>\n\n\n\n<p><strong>M\u00e4dels weiter so, Ihr seid auf dem richtigen Weg!<\/strong><\/p>\n\n\n\n<p>Es spielten (Tore): Ida, Hanna W., Hanna P., Ronja, Letizia, Marie, Fabia, Lotta, Julia, Josephine, Chiara C., Anja, Eila, Lea, Jolina, Annika<\/p>\n\n\n\n<p><strong>Spielbericht vom 2. Meisterschaftsspiel in der Oberliga unserer B1 Juniorinnen vom 19.09.2020:<\/strong><\/p>\n\n\n\n<p><strong>TSV M\u00fcnchingen 1 \u2013 FC Wittlingen: 4:0<\/strong><\/p>\n\n\n\n<p>Unter den Augen zahlreicher Zuschauer ging es heute in unserem ersten Heimspiel gegen den Mitaufsteiger SV Wittlingen.<\/p>\n\n\n\n<p>Unsere M\u00e4dels standen hoch motiviert auf dem Platz und hatten einen klaren Matchplan im Kopf.<\/p>\n\n\n\n<p>Diesen Plan setzte die Mannschaft von der ersten Minute an konsequent um und es dauerte auch nur bis zur 9. Minute bis sich unsere M\u00e4dels mit dem ersten Tor durch Marie F. belohnten. Dieses erste Tor pushte die M\u00e4dels so sehr, dass nach ein paar hervorragenden Kombinationen das zweite Tor in der 10. Minute durch die stark spielende Ronja erzielt wurde. Der Gegner war v\u00f6llig irritiert. Wittlingen versuchte nun durch lange B\u00e4lle Druck aus der eigenen H\u00e4lfte zu nehmen, doch das gelang ihnen nicht, da durch unsere hoch stehende Abwehr kein Durchkommen war. Somit fand das Spiel in den ersten 30 Minuten ausschlie\u00dflich auf der gegnerischen H\u00e4lfte statt. Nun kam auch der Gegner mehr und mehr ins Spiel und unsere Abwehr konnte ihre hohe Qualit\u00e4t zur Schau stellen. Im weiteren Verlauf bauten wir das Spiel wieder mit viel Ruhe von hinten auf und spielten wieder mit sch\u00f6nen P\u00e4ssen den Ball nach vorne. Durch einen punktgenauen Pass von Julia in der 40. Minute erzielte dann Letizia das dritte Tor mit dem es dann auch in die Pause ging. Nach der Pause kn\u00fcpfte die Mannschaft gleich wieder an das Spiel der ersten Halbzeit an und erzielte in der 53. Minute das vierte Tor durch unsere \u00fcberragend spielende Julia. Nun nahm der TSV etwas Tempo raus was zur Folge hatte dass dem Trainerteam als auch den zahlreichen Fans eine Schrecksekunde in der 60. Minute beschert wurde nachdem unsere Ida mit einer Glanzparade das erste Mal au\u00dferhalb des Strafraumes eingreifen musste. Jetzt hatte Wittlingen die erste reelle Chance ein Tor zu erzielen, doch die Sch\u00fctzin verfehlte das leere Tor. Nun drehten unser M\u00e4dels wieder m\u00e4chtig auf und spielten den Gegner Zusehens &nbsp;kraftlos. Es folgten noch mehrere tolle Kombinationen, aber leider gingen die Abschl\u00fcsse nur noch an Pfosten und Latte, &nbsp;so dass die Begegnung in der 80. Minute mit einem 4:0 f\u00fcr den TSV endete.<\/p>\n\n\n\n<p><strong>Gl\u00fcckwunsch an das ganze Team und Danke f\u00fcr das sch\u00f6ne Spiel !!!<\/strong><\/p>\n\n\n\n<p>Es spielten (Tore): Ida, Anja, Eila, Hanna W., Ronja (1), Letizia (1), Marie F. (1), Fabia, Lotta, &nbsp;Julia (1), Josephine, Lea, Jolina, Annika, Chiara<\/p>\n\n\n\n<figure class=\"wp-block-image size-large\"><img loading=\"lazy\" decoding=\"async\" width=\"1024\" height=\"768\" src=\"https:\/\/www.tsv-muenchingen.de\/fussball\/wp-content\/uploads\/sites\/8\/2022\/01\/dscn1425_1-1024x768.jpg\" alt=\"\" class=\"wp-image-2546\" title=\"\" srcset=\"https:\/\/www.tsv-muenchingen.de\/fussball\/wp-content\/uploads\/sites\/8\/2022\/01\/dscn1425_1-1024x768.jpg 1024w, https:\/\/www.tsv-muenchingen.de\/fussball\/wp-content\/uploads\/sites\/8\/2022\/01\/dscn1425_1-300x225.jpg 300w, https:\/\/www.tsv-muenchingen.de\/fussball\/wp-content\/uploads\/sites\/8\/2022\/01\/dscn1425_1-768x576.jpg 768w, https:\/\/www.tsv-muenchingen.de\/fussball\/wp-content\/uploads\/sites\/8\/2022\/01\/dscn1425_1.jpg 1126w\" sizes=\"auto, (max-width: 1024px) 100vw, 1024px\" \/><\/figure>\n\n\n\n<p><strong>Spielbericht vom 1. Meisterschaftsspiel in der Oberliga unserer B1 Juniorinnen vom 12.09.2020:<\/strong><\/p>\n\n\n\n<p><strong>FFV Heidenheim &#8211; TSV M\u00fcnchingen 1: 0:3<\/strong><\/p>\n\n\n\n<p>Am 12.09.2020 war es nun endlich soweit. Nach intensiver Vorbereitung begann das Projekt Oberliga.&nbsp;Die erste Fahrt mit dem Mannschaftsbus brachte uns zum FFV Heidenheim. Das Spiel wurde p\u00fcnktlich um 16:00 Uhr angepfiffen und los ging die Partie in die erste Runde. Der Gegner wurde von der ersten Minute an lautstark vom Trainer angefeuert, der gef\u00fchlt jeden Ballkontakt kommentierte. Das Rezept gegen uns war tief stehen und lange B\u00e4lle in unsere H\u00e4lfte schlagen. Anf\u00e4nglich hatten unsere M\u00e4dels Probleme mit dieser Spielweise, fanden dann aber immer mehr in ihr eigenes Spiel hinein. In der 18. Minute belohnten sich die M\u00e4dels dann mit einem hervorragend herausgespielten Tor durch Letizia. Nun war die Mannschaft im Spiel und durch ein paar herrliche Spielz\u00fcge erzielte dann in der 25. Minute Julia knallhart das 0:2. Der TSV machte von nun an immer mehr Druck auf den Gegner der mit mehreren Auswechslungen erfolglos reagierte, denn in der 37. Minute erh\u00f6hte Ronja mit einem Traumtor zum 0:3. Hoch motiviert ging es dann in die Pause. In der zweiten H\u00e4lfte hat der FFV Heidenheim seine Mannschaft komplett umgestellt und man hatte den Eindruck er spielt mit einer 10 \u2013 Kette in der Abwehr. Hier war dann so gut wie kein Durchkommen mehr. Wir hatten dann zwar noch einige gute Chancen, konnten den Vorsprung aber leider nicht weiter ausbauen und das Spiel endete mit einem 0:3.<\/p>\n\n\n\n<p><strong>Klasser Einstieg in die Oberliga M\u00e4dels !!<\/strong><\/p>\n\n\n\n<p>Es spielten (Tore): Ida, Anja, Eila, Hanna W., Lea, Hanna P., Ronja (1), Letizia (1), Marie, Julia (1), Jolina, Annika, Lotta, Joelle, Chiara, Fabia<\/p>\n","protected":false},"excerpt":{"rendered":"<p>Spielbericht vom 7. Meisterschaftsspiel in der Oberliga unserer B1 Juniorinnen vom 24.10.2020: TSV M\u00fcnchingen 1 \u2013 FV L\u00f6chgau: 0:5 Beim heutigen Derby hatten wir den FV L\u00f6chgau zu Gast. Wir rechneten uns schon im Vorfeld keine gro\u00dfen Chancen aus da die Mannschaft vom FV L\u00f6chgau in der vergangenen Saison mit nahezu unver\u00e4ndertem Kader in der [&hellip;]<\/p>\n","protected":false},"author":40,"featured_media":0,"parent":343,"menu_order":10,"comment_status":"closed","ping_status":"closed","template":"","meta":{"ngg_post_thumbnail":0,"footnotes":""},"class_list":["post-340","page","type-page","status-publish","hentry"],"publishpress_future_action":{"enabled":false,"date":"2026-04-26 17:33:21","action":"change-status","newStatus":"draft","terms":[],"taxonomy":"","extraData":[]},"publishpress_future_workflow_manual_trigger":{"enabledWorkflows":[]},"_links":{"self":[{"href":"https:\/\/www.tsv-muenchingen.de\/fussball\/wp-json\/wp\/v2\/pages\/340","targetHints":{"allow":["GET"]}}],"collection":[{"href":"https:\/\/www.tsv-muenchingen.de\/fussball\/wp-json\/wp\/v2\/pages"}],"about":[{"href":"https:\/\/www.tsv-muenchingen.de\/fussball\/wp-json\/wp\/v2\/types\/page"}],"author":[{"embeddable":true,"href":"https:\/\/www.tsv-muenchingen.de\/fussball\/wp-json\/wp\/v2\/users\/40"}],"replies":[{"embeddable":true,"href":"https:\/\/www.tsv-muenchingen.de\/fussball\/wp-json\/wp\/v2\/comments?post=340"}],"version-history":[{"count":6,"href":"https:\/\/www.tsv-muenchingen.de\/fussball\/wp-json\/wp\/v2\/pages\/340\/revisions"}],"predecessor-version":[{"id":2547,"href":"https:\/\/www.tsv-muenchingen.de\/fussball\/wp-json\/wp\/v2\/pages\/340\/revisions\/2547"}],"up":[{"embeddable":true,"href":"https:\/\/www.tsv-muenchingen.de\/fussball\/wp-json\/wp\/v2\/pages\/343"}],"wp:attachment":[{"href":"https:\/\/www.tsv-muenchingen.de\/fussball\/wp-json\/wp\/v2\/media?parent=340"}],"curies":[{"name":"wp","href":"https:\/\/api.w.org\/{rel}","templated":true}]}}