{"id":3727,"date":"2023-08-14T11:50:20","date_gmt":"2023-08-14T09:50:20","guid":{"rendered":"https:\/\/www.tsv-muenchingen.de\/fussball\/?page_id=3727"},"modified":"2026-02-25T13:10:51","modified_gmt":"2026-02-25T12:10:51","slug":"spieltag-news","status":"publish","type":"page","link":"https:\/\/www.tsv-muenchingen.de\/fussball\/spieltag-news\/","title":{"rendered":"Spieltag News"},"content":{"rendered":"<h2 data-start=\"154\" data-end=\"261\"><strong data-start=\"157\" data-end=\"261\">TSV &amp; Trainer Herren 1 l\u00f6sen Zusammenarbeit auf<\/strong><\/h2>\n<p>Der TSV M\u00fcnchingen 1925 e.V. und der Trainer der 1. Herrenmannschaft, Herr Sahin \u00dcste, gehen k\u00fcnftig getrennte Wege. Der Verein hat sich diese Entscheidung nicht leicht gemacht, sondern das F\u00fcr und Wider sehr genau und sorgf\u00e4ltig abgewogen. Auf Grundlage interner Themen, die nicht \u00f6ffentlich besprochen werden, hat sich der Verein letztlich zu diesem Schritt entschlossen.<\/p>\n<p>Die Trennung von Herrn \u00dcste erfolgt vor dem Hintergrund zunehmend unterschiedlicher Auffassungen hinsichtlich der Vereinsphilosophie sowie der daraus abgeleiteten sportlichen Ausrichtung und Zielsetzungen.<\/p>\n<p>Der Verein ist Herrn \u00dcste f\u00fcr seine geleistete Arbeit in den vergangenen beiden Jahren sehr dankbar. Mit gro\u00dfem Engagement, hoher Leidenschaft sowie Zielstrebigkeit und Ambition hat er die Mannschaft und jeden einzelnen Spieler gepr\u00e4gt und weiterentwickelt. Selten durften wir einen derart engagierten, motivierten und ambitionierten Trainer in unseren Reihen erleben.<\/p>\n<p>Martin \u201eBobby\u201c Hau\u00dfer \u00fcbernimmt mit sofortiger Wirkung das Amt des Interimstrainers. Mit seiner Erfahrung und seinem Engagement wird er die Mannschaft in der aktuellen Phase betreuen und stabilisieren. Der Verein freut sich sehr, dass er bereit ist, diese Verantwortung zu \u00fcbernehmen und das Team tatkr\u00e4ftig zu unterst\u00fctzen. Durch diese Interimsl\u00f6sung erh\u00e4lt der TSV M\u00fcnchingen die notwendige Zeit und M\u00f6glichkeit, in Ruhe und mit der gebotenen Sorgfalt nach einem passenden Trainer f\u00fcr die kommende Saison zu suchen. Ziel ist es, eine nachhaltige und zukunftsorientierte L\u00f6sung f\u00fcr die sportliche Weiterentwicklung des Vereins zu finden. Der TSV M\u00fcnchingen bedankt sich bei Martin \u201eBobby\u201c Hau\u00dfer f\u00fcr seine Bereitschaft und w\u00fcnscht ihm sowie der Mannschaft viel Erfolg f\u00fcr die kommenden Aufgaben.<\/p>\n<p>Sportliche Gr\u00fc\u00dfe<\/p>\n<p>Andreas Keller<br>Abteilungsleiter<br>TSV M\u00fcnchingen 1925 e.V.<br>Abt. Fussball<\/p>\n\n\n<div class=\"wp-block-buttons is-layout-flex wp-block-buttons-is-layout-flex\"><\/div>\n\n\n\n<div class=\"wp-block-buttons is-layout-flex wp-block-buttons-is-layout-flex\">\n<div class=\"wp-block-button is-style-outline is-style-outline--2\"><a class=\"wp-block-button__link wp-element-button\" href=\"https:\/\/www.tsv-muenchingen.de\/fussball\/spieltag-news-tsv\/\">Zu den aktuellen News<\/a><\/div>\n<\/div>\n","protected":false},"excerpt":{"rendered":"<p>TSV &amp; Trainer Herren 1 l\u00f6sen Zusammenarbeit auf Der TSV M\u00fcnchingen 1925 e.V. und der Trainer der 1. Herrenmannschaft, Herr Sahin \u00dcste, gehen k\u00fcnftig getrennte Wege. Der Verein hat sich diese Entscheidung nicht leicht gemacht, sondern das F\u00fcr und Wider sehr genau und sorgf\u00e4ltig abgewogen. Auf Grundlage interner Themen, die nicht \u00f6ffentlich besprochen werden, hat [&hellip;]<\/p>\n","protected":false},"author":65,"featured_media":0,"parent":0,"menu_order":0,"comment_status":"closed","ping_status":"closed","template":"","meta":{"ngg_post_thumbnail":0,"footnotes":""},"class_list":["post-3727","page","type-page","status-publish","hentry"],"publishpress_future_action":{"enabled":false,"date":"2026-04-26 17:33:54","action":"change-status","newStatus":"draft","terms":[],"taxonomy":"","extraData":[]},"publishpress_future_workflow_manual_trigger":{"enabledWorkflows":[]},"_links":{"self":[{"href":"https:\/\/www.tsv-muenchingen.de\/fussball\/wp-json\/wp\/v2\/pages\/3727","targetHints":{"allow":["GET"]}}],"collection":[{"href":"https:\/\/www.tsv-muenchingen.de\/fussball\/wp-json\/wp\/v2\/pages"}],"about":[{"href":"https:\/\/www.tsv-muenchingen.de\/fussball\/wp-json\/wp\/v2\/types\/page"}],"author":[{"embeddable":true,"href":"https:\/\/www.tsv-muenchingen.de\/fussball\/wp-json\/wp\/v2\/users\/65"}],"replies":[{"embeddable":true,"href":"https:\/\/www.tsv-muenchingen.de\/fussball\/wp-json\/wp\/v2\/comments?post=3727"}],"version-history":[{"count":24,"href":"https:\/\/www.tsv-muenchingen.de\/fussball\/wp-json\/wp\/v2\/pages\/3727\/revisions"}],"predecessor-version":[{"id":6239,"href":"https:\/\/www.tsv-muenchingen.de\/fussball\/wp-json\/wp\/v2\/pages\/3727\/revisions\/6239"}],"wp:attachment":[{"href":"https:\/\/www.tsv-muenchingen.de\/fussball\/wp-json\/wp\/v2\/media?parent=3727"}],"curies":[{"name":"wp","href":"https:\/\/api.w.org\/{rel}","templated":true}]}}