{"id":5850,"date":"2025-11-04T09:14:17","date_gmt":"2025-11-04T08:14:17","guid":{"rendered":"https:\/\/www.tsv-muenchingen.de\/fussball\/?page_id=5850"},"modified":"2025-11-05T19:07:41","modified_gmt":"2025-11-05T18:07:41","slug":"b2-junioren","status":"publish","type":"page","link":"https:\/\/www.tsv-muenchingen.de\/fussball\/mannschaften\/junioren\/b2-junioren\/","title":{"rendered":"B2-Juniorinnen-\/-Junioren-Team"},"content":{"rendered":"<div class=\"wp-block-image\">\n<figure class=\"alignleft size-full\"><img loading=\"lazy\" decoding=\"async\" width=\"275\" height=\"183\" src=\"https:\/\/www.tsv-muenchingen.de\/fussball\/wp-content\/uploads\/sites\/8\/2023\/10\/Kein-foto-Mannschaft.jpg\" alt=\"\" class=\"wp-image-4098\" srcset=\"https:\/\/www.tsv-muenchingen.de\/fussball\/wp-content\/uploads\/sites\/8\/2023\/10\/Kein-foto-Mannschaft.jpg 275w, https:\/\/www.tsv-muenchingen.de\/fussball\/wp-content\/uploads\/sites\/8\/2023\/10\/Kein-foto-Mannschaft-272x182.jpg 272w\" sizes=\"auto, (max-width: 275px) 100vw, 275px\" \/><figcaption class=\"wp-element-caption\">B-Jun. Qualistaffel<\/figcaption><\/figure>\n<\/div>\n\n\n<p class=\"has-text-align-left\">Das B2-Juniorinnen-\/-Junioren-Team ist ein einmaliges Projekt im wfv-Bezirk Enz\/Murr. Die Mannschaft besteht aus gemischten Spielerinnen und Spielern des Jahrgangs 2009\/2010.<\/p>\n\n\n\n<p>Wir wollen talentierten Jugendspielerinnen die M\u00f6glichkeit bieten sich mit Ihrem Talent auf Augenh\u00f6he mit anderen zu messen. <\/p>\n\n\n\n<p>Alle Spielerinnen und Spieler sind bestens in die Mannschaft integriert und pflegen einen tollen und freundschaftlichen Umgang untereinander.<\/p>\n\n\n\n<p>Nat\u00fcrlich bedanken wir uns auch bei den Trainern Max und Jannis das Sie den TSV M\u00fcnchingen, neben Ihrer Aufgabe als aktive Spieler bei den Herren, das Traineramt f\u00fcr diese Mannschaft \u00fcbernommen haben. <\/p>\n\n\n\n<figure class=\"wp-block-table\"><table class=\"has-fixed-layout\"><tbody><tr><td>Dienstag:<\/td><td>Donnerstag<\/td><\/tr><tr><td>18:00 &#8211; 19:30 Uhr<\/td><td>18.00 &#8211; 19:30 Uhr<\/td><\/tr><tr><td>Kunstrasenplatz<\/td><td>Rasenplatz<\/td><\/tr><\/tbody><\/table><\/figure>\n","protected":false},"excerpt":{"rendered":"<p>Das B2-Juniorinnen-\/-Junioren-Team ist ein einmaliges Projekt im wfv-Bezirk Enz\/Murr. Die Mannschaft besteht aus gemischten Spielerinnen und Spielern des Jahrgangs 2009\/2010. Wir wollen talentierten Jugendspielerinnen die M\u00f6glichkeit bieten sich mit Ihrem Talent auf Augenh\u00f6he mit anderen zu messen. Alle Spielerinnen und Spieler sind bestens in die Mannschaft integriert und pflegen einen tollen und freundschaftlichen Umgang untereinander. [&hellip;]<\/p>\n","protected":false},"author":53,"featured_media":0,"parent":87,"menu_order":0,"comment_status":"closed","ping_status":"closed","template":"","meta":{"ngg_post_thumbnail":0,"footnotes":""},"class_list":["post-5850","page","type-page","status-publish","hentry"],"publishpress_future_action":{"enabled":false,"date":"2026-04-24 08:15:12","action":"change-status","newStatus":"draft","terms":[],"taxonomy":"","extraData":[]},"publishpress_future_workflow_manual_trigger":{"enabledWorkflows":[]},"_links":{"self":[{"href":"https:\/\/www.tsv-muenchingen.de\/fussball\/wp-json\/wp\/v2\/pages\/5850","targetHints":{"allow":["GET"]}}],"collection":[{"href":"https:\/\/www.tsv-muenchingen.de\/fussball\/wp-json\/wp\/v2\/pages"}],"about":[{"href":"https:\/\/www.tsv-muenchingen.de\/fussball\/wp-json\/wp\/v2\/types\/page"}],"author":[{"embeddable":true,"href":"https:\/\/www.tsv-muenchingen.de\/fussball\/wp-json\/wp\/v2\/users\/53"}],"replies":[{"embeddable":true,"href":"https:\/\/www.tsv-muenchingen.de\/fussball\/wp-json\/wp\/v2\/comments?post=5850"}],"version-history":[{"count":6,"href":"https:\/\/www.tsv-muenchingen.de\/fussball\/wp-json\/wp\/v2\/pages\/5850\/revisions"}],"predecessor-version":[{"id":5942,"href":"https:\/\/www.tsv-muenchingen.de\/fussball\/wp-json\/wp\/v2\/pages\/5850\/revisions\/5942"}],"up":[{"embeddable":true,"href":"https:\/\/www.tsv-muenchingen.de\/fussball\/wp-json\/wp\/v2\/pages\/87"}],"wp:attachment":[{"href":"https:\/\/www.tsv-muenchingen.de\/fussball\/wp-json\/wp\/v2\/media?parent=5850"}],"curies":[{"name":"wp","href":"https:\/\/api.w.org\/{rel}","templated":true}]}}