{"id":85,"date":"2021-04-15T07:44:15","date_gmt":"2021-04-15T05:44:15","guid":{"rendered":"https:\/\/www.tsv-muenchingen.de\/fussball\/?page_id=85"},"modified":"2022-08-03T00:24:22","modified_gmt":"2022-08-02T22:24:22","slug":"juniorinnen","status":"publish","type":"page","link":"https:\/\/www.tsv-muenchingen.de\/fussball\/mannschaften\/juniorinnen\/","title":{"rendered":"Juniorinnen"},"content":{"rendered":"\n<div class=\"wp-block-columns is-layout-flex wp-container-core-columns-is-layout-28f84493 wp-block-columns-is-layout-flex\">\n<div class=\"wp-block-column is-layout-flow wp-block-column-is-layout-flow\" style=\"flex-basis:100%\">\n<div class=\"wp-block-columns is-layout-flex wp-container-core-columns-is-layout-28f84493 wp-block-columns-is-layout-flex\">\n<div class=\"wp-block-column is-vertically-aligned-top is-layout-flow wp-block-column-is-layout-flow\" style=\"flex-basis:100%\">\n<figure class=\"wp-block-video alignleft\"><video height=\"352\" style=\"aspect-ratio: 640 \/ 352;\" width=\"640\" autoplay controls loop muted src=\"https:\/\/www.tsv-muenchingen.de\/fussball\/wp-content\/uploads\/sites\/8\/2022\/08\/Juniorinnen_TSV.mp4\" playsinline><\/video><figcaption><strong>Die Juniorinnen begr\u00fc\u00dfen alle Sponsoren, Freunde und Fans ganz herzlich beim TSV M\u00fcnchingen!<\/strong><\/figcaption><\/figure>\n<\/div>\n<\/div>\n<\/div>\n<\/div>\n\n\n<div id=\"pl-gb85-69e1cfa57d4b2\"  class=\"panel-layout\" ><div id=\"pg-gb85-69e1cfa57d4b2-0\"  class=\"panel-grid panel-no-style\" ><div id=\"pgc-gb85-69e1cfa57d4b2-0-0\"  class=\"panel-grid-cell\" ><div id=\"panel-gb85-69e1cfa57d4b2-0-0-0\" class=\"so-panel widget widget_nav_menu panel-first-child panel-last-child\" data-index=\"0\" ><div class=\"menu-juniorinnen-container\"><ul id=\"menu-juniorinnen\" class=\"menu\"><li id=\"menu-item-1630\" class=\"menu-item menu-item-type-post_type menu-item-object-page menu-item-1630\"><a href=\"https:\/\/www.tsv-muenchingen.de\/fussball\/mannschaften\/juniorinnen\/b-juniorinnen-i\/trainingszeiten-juniorinnen\/\">Trainingszeiten (Juniorinnen)<\/a><\/li>\n<li id=\"menu-item-399\" class=\"menu-item menu-item-type-custom menu-item-object-custom menu-item-has-children menu-item-399\"><a href=\"#\">B-Juniorinnen I<\/a>\n<ul class=\"sub-menu\">\n\t<li id=\"menu-item-360\" class=\"menu-item menu-item-type-post_type menu-item-object-page menu-item-360\"><a href=\"https:\/\/www.tsv-muenchingen.de\/fussball\/mannschaften\/juniorinnen\/b-juniorinnen-i\/b1-juniorinnen-saison-21-22\/\">Mannschaft<\/a><\/li>\n\t<li id=\"menu-item-963\" class=\"menu-item menu-item-type-post_type menu-item-object-page menu-item-963\"><a href=\"https:\/\/www.tsv-muenchingen.de\/fussball\/mannschaften\/juniorinnen\/b-juniorinnen-i\/trainerteam-b1-juniorinnen\/\">Trainerteam<\/a><\/li>\n\t<li id=\"menu-item-1246\" class=\"menu-item menu-item-type-post_type menu-item-object-page menu-item-1246\"><a href=\"https:\/\/www.tsv-muenchingen.de\/fussball\/mannschaften\/juniorinnen\/b-juniorinnen-i\/spieltage-tabelle-b-juniorinnen\/\">Spieltage\/Tabelle<\/a><\/li>\n\t<li id=\"menu-item-365\" class=\"menu-item menu-item-type-custom menu-item-object-custom menu-item-has-children menu-item-365\"><a href=\"#\">Berichte<\/a>\n\t<ul class=\"sub-menu\">\n\t\t<li id=\"menu-item-1651\" class=\"menu-item menu-item-type-post_type menu-item-object-page menu-item-1651\"><a href=\"https:\/\/www.tsv-muenchingen.de\/fussball\/mannschaften\/juniorinnen\/b-juniorinnen-i\/berichte\/b1-maedels-saison-21-22-alt\/\">Saison 21\/22<\/a><\/li>\n\t\t<li id=\"menu-item-362\" class=\"menu-item menu-item-type-post_type menu-item-object-page menu-item-362\"><a href=\"https:\/\/www.tsv-muenchingen.de\/fussball\/mannschaften\/juniorinnen\/b-juniorinnen-i\/berichte\/b1-maedels-saison-20-21\/\">Saison 20\/21<\/a><\/li>\n\t\t<li id=\"menu-item-363\" class=\"menu-item menu-item-type-post_type menu-item-object-page menu-item-363\"><a href=\"https:\/\/www.tsv-muenchingen.de\/fussball\/mannschaften\/juniorinnen\/b-juniorinnen-i\/berichte\/b1-maedels-saison-19-20\/\">Saison 19\/20<\/a><\/li>\n\t\t<li id=\"menu-item-403\" class=\"menu-item menu-item-type-post_type menu-item-object-page menu-item-403\"><a href=\"https:\/\/www.tsv-muenchingen.de\/fussball\/?page_id=401\">Saison 18\/19<\/a><\/li>\n\t<\/ul>\n<\/li>\n\t<li id=\"menu-item-1212\" class=\"menu-item menu-item-type-custom menu-item-object-custom menu-item-has-children menu-item-1212\"><a href=\"#\">Bilder<\/a>\n\t<ul class=\"sub-menu\">\n\t\t<li id=\"menu-item-1211\" class=\"menu-item menu-item-type-post_type menu-item-object-page menu-item-1211\"><a href=\"https:\/\/www.tsv-muenchingen.de\/fussball\/mannschaften\/juniorinnen\/b-juniorinnen-i\/bilder-b-juniorinnen\/saisonabschluss-der-b-maedels-am-brombachsee\/\">Saisonabschluss 20\/21 am Brombachses<\/a><\/li>\n\t\t<li id=\"menu-item-2542\" class=\"menu-item menu-item-type-post_type menu-item-object-page menu-item-2542\"><a href=\"https:\/\/www.tsv-muenchingen.de\/fussball\/mannschaften\/juniorinnen\/b-juniorinnen-i\/bilder-b-juniorinnen\/enbw-oberliga-spiel-am-24-10-20-tsv-loechgau-05\/\">EnBW Oberliga Spiel am 24.10.20 (TSV-L\u00f6chgau: 0:5)<\/a><\/li>\n\t\t<li id=\"menu-item-2501\" class=\"menu-item menu-item-type-post_type menu-item-object-page menu-item-2501\"><a href=\"https:\/\/www.tsv-muenchingen.de\/fussball\/mannschaften\/juniorinnen\/b-juniorinnen-i\/bilder-b-juniorinnen\/enbw-oberliga-spiel-am-17-10-20\/\">EnBW Oberliga Spiel am 17.10.20 (Sand- TSV: 4:1)<\/a><\/li>\n\t\t<li id=\"menu-item-2437\" class=\"menu-item menu-item-type-post_type menu-item-object-page menu-item-2437\"><a href=\"https:\/\/www.tsv-muenchingen.de\/fussball\/mannschaften\/juniorinnen\/b-juniorinnen-i\/bilder-b-juniorinnen\/enbw-oberliga-spiel-am-10-10-20\/\">EnBW Oberliga Spiel am 10.10.20 (TSV-Ellwangen: 4:1)<\/a><\/li>\n\t\t<li id=\"menu-item-2461\" class=\"menu-item menu-item-type-post_type menu-item-object-page menu-item-2461\"><a href=\"https:\/\/www.tsv-muenchingen.de\/fussball\/mannschaften\/juniorinnen\/b-juniorinnen-i\/bilder-b-juniorinnen\/enbw-oberliga-spiel-am-03-10-20\/\">EnBW Oberliga Spiel am 03.10.20 (Hegauer FV-TSV: 6:1)<\/a><\/li>\n\t\t<li id=\"menu-item-2405\" class=\"menu-item menu-item-type-post_type menu-item-object-page menu-item-2405\"><a href=\"https:\/\/www.tsv-muenchingen.de\/fussball\/mannschaften\/juniorinnen\/b-juniorinnen-i\/bilder-b-juniorinnen\/enbw-oberliga-spiel-am-26-09-20\/\">EnBW Oberliga Spiel am 26.09.20 (TSV-Tettnang: 0:0)<\/a><\/li>\n\t\t<li id=\"menu-item-2263\" class=\"menu-item menu-item-type-post_type menu-item-object-page menu-item-2263\"><a href=\"https:\/\/www.tsv-muenchingen.de\/fussball\/mannschaften\/juniorinnen\/b-juniorinnen-i\/bilder-b-juniorinnen\/enbw-oberliga-spiel-am-19-09-20\/\">EnBW Oberliga Spiel am 19.09.20 (TSV-Wittlingen: 4:0)<\/a><\/li>\n\t\t<li id=\"menu-item-2267\" class=\"menu-item menu-item-type-post_type menu-item-object-page menu-item-2267\"><a href=\"https:\/\/www.tsv-muenchingen.de\/fussball\/mannschaften\/juniorinnen\/b-juniorinnen-i\/bilder-b-juniorinnen\/enbw-oberliga-spiel-am-12-09-20\/\">EnBW Oberliga Spiel am 12.09.20 (Heidenheim-TSV: 0:3)<\/a><\/li>\n\t\t<li id=\"menu-item-2364\" class=\"menu-item menu-item-type-post_type menu-item-object-page menu-item-2364\"><a href=\"https:\/\/www.tsv-muenchingen.de\/fussball\/mannschaften\/juniorinnen\/b-juniorinnen-i\/bilder-b-juniorinnen\/weihnachtsgruss-am-24-12-20\/\">Weihnachtsgru\u00df am 24.12.20<\/a><\/li>\n\t\t<li id=\"menu-item-2358\" class=\"menu-item menu-item-type-post_type menu-item-object-page menu-item-2358\"><a href=\"https:\/\/www.tsv-muenchingen.de\/fussball\/mannschaften\/juniorinnen\/b-juniorinnen-i\/bilder-b-juniorinnen\/impressionen-vom-trainingslager-am-18-19-juli-mit-2-testspielen-und-wimpeluebergabe-meisterschaft-in-verbandsstaffel-nord-in-der-saison-19-20\/\">Trainingslager &amp; Wimpel\u00fcbergabe am 18.07.20<\/a><\/li>\n\t\t<li id=\"menu-item-667\" class=\"menu-item menu-item-type-post_type menu-item-object-page menu-item-667\"><a href=\"https:\/\/www.tsv-muenchingen.de\/fussball\/mannschaften\/juniorinnen\/b-juniorinnen-i\/bilder-b-juniorinnen\/bilder-b1-maedels\/\">Saisons 18\/19 und 19\/20<\/a><\/li>\n\t<\/ul>\n<\/li>\n<\/ul>\n<\/li>\n<li id=\"menu-item-562\" class=\"menu-item menu-item-type-custom menu-item-object-custom menu-item-has-children menu-item-562\"><a href=\"#\">B-Juniorinnen II<\/a>\n<ul class=\"sub-menu\">\n\t<li id=\"menu-item-580\" class=\"menu-item menu-item-type-post_type menu-item-object-page menu-item-580\"><a href=\"https:\/\/www.tsv-muenchingen.de\/fussball\/mannschaften\/juniorinnen\/b-juniorinnen-ii\/b2-juniorinnen\/\">Mannschaft<\/a><\/li>\n\t<li id=\"menu-item-995\" class=\"menu-item menu-item-type-post_type menu-item-object-page menu-item-995\"><a href=\"https:\/\/www.tsv-muenchingen.de\/fussball\/mannschaften\/juniorinnen\/b-juniorinnen-ii\/trainerteam-b2-juniorinnen-2\/\">Trainerteam<\/a><\/li>\n\t<li id=\"menu-item-1253\" class=\"menu-item menu-item-type-post_type menu-item-object-page menu-item-1253\"><a href=\"https:\/\/www.tsv-muenchingen.de\/fussball\/mannschaften\/juniorinnen\/b-juniorinnen-ii\/spieltage-tabelle-b-juniorinnen-ii\/\">Spieltage\/Tabelle<\/a><\/li>\n\t<li id=\"menu-item-1138\" class=\"menu-item menu-item-type-custom menu-item-object-custom menu-item-has-children menu-item-1138\"><a href=\"#\">Berichte<\/a>\n\t<ul class=\"sub-menu\">\n\t\t<li id=\"menu-item-1977\" class=\"menu-item menu-item-type-post_type menu-item-object-page menu-item-1977\"><a href=\"https:\/\/www.tsv-muenchingen.de\/fussball\/mannschaften\/juniorinnen\/b-juniorinnen-ii\/berichte\/b2-juniorinnen-saison-21-22\/\">Saison 21\/22<\/a><\/li>\n\t\t<li id=\"menu-item-1139\" class=\"menu-item menu-item-type-post_type menu-item-object-page menu-item-1139\"><a href=\"https:\/\/www.tsv-muenchingen.de\/fussball\/mannschaften\/juniorinnen\/b-juniorinnen-ii\/berichte\/b2-juniorinnen-saisons-2019-bis-2020\/\">Saisons 2019 bis 2020<\/a><\/li>\n\t<\/ul>\n<\/li>\n\t<li id=\"menu-item-1142\" class=\"menu-item menu-item-type-post_type menu-item-object-page menu-item-1142\"><a href=\"https:\/\/www.tsv-muenchingen.de\/fussball\/mannschaften\/juniorinnen\/b-juniorinnen-ii\/bilder-b2-juniorinnen\/\">Bilder<\/a><\/li>\n<\/ul>\n<\/li>\n<li id=\"menu-item-564\" class=\"menu-item menu-item-type-custom menu-item-object-custom menu-item-has-children menu-item-564\"><a href=\"#\">C-Juniorinnen<\/a>\n<ul class=\"sub-menu\">\n\t<li id=\"menu-item-579\" class=\"menu-item menu-item-type-post_type menu-item-object-page menu-item-579\"><a href=\"https:\/\/www.tsv-muenchingen.de\/fussball\/mannschaften\/juniorinnen\/c-juniorinnen\/c-juniorinnen\/\">Mannschaft<\/a><\/li>\n\t<li id=\"menu-item-978\" class=\"menu-item menu-item-type-post_type menu-item-object-page menu-item-978\"><a href=\"https:\/\/www.tsv-muenchingen.de\/fussball\/mannschaften\/juniorinnen\/c-juniorinnen\/trainerteam-c-juniorinnen\/\">Trainerteam<\/a><\/li>\n\t<li id=\"menu-item-1257\" class=\"menu-item menu-item-type-post_type menu-item-object-page menu-item-1257\"><a href=\"https:\/\/www.tsv-muenchingen.de\/fussball\/mannschaften\/juniorinnen\/c-juniorinnen\/spieltage-tabelle-c-juniorinnen\/\">Spieltage\/Tabelle<\/a><\/li>\n\t<li id=\"menu-item-1015\" class=\"menu-item menu-item-type-custom menu-item-object-custom menu-item-has-children menu-item-1015\"><a href=\"#\">Berichte<\/a>\n\t<ul class=\"sub-menu\">\n\t\t<li id=\"menu-item-1016\" class=\"menu-item menu-item-type-post_type menu-item-object-page menu-item-1016\"><a href=\"https:\/\/www.tsv-muenchingen.de\/fussball\/mannschaften\/juniorinnen\/c-juniorinnen\/c-maedels-saisons-2015-bis-2020\/\">Saisons 2015 bis 2020<\/a><\/li>\n\t<\/ul>\n<\/li>\n\t<li id=\"menu-item-1005\" class=\"menu-item menu-item-type-post_type menu-item-object-page menu-item-1005\"><a href=\"https:\/\/www.tsv-muenchingen.de\/fussball\/mannschaften\/juniorinnen\/c-juniorinnen\/bilder-c-juniorinnen\/\">Bilder<\/a><\/li>\n<\/ul>\n<\/li>\n<li id=\"menu-item-565\" class=\"menu-item menu-item-type-custom menu-item-object-custom menu-item-has-children menu-item-565\"><a href=\"#\">D-Juniorinnen<\/a>\n<ul class=\"sub-menu\">\n\t<li id=\"menu-item-608\" class=\"menu-item menu-item-type-post_type menu-item-object-page menu-item-608\"><a href=\"https:\/\/www.tsv-muenchingen.de\/fussball\/mannschaften\/juniorinnen\/d-juniorinnen\/d-juniorinnen-saison-21-22\/\">Mannschaft<\/a><\/li>\n\t<li id=\"menu-item-1021\" class=\"menu-item menu-item-type-post_type menu-item-object-page menu-item-1021\"><a href=\"https:\/\/www.tsv-muenchingen.de\/fussball\/mannschaften\/juniorinnen\/d-juniorinnen\/trainerteam-d-juniorinnen\/\">Trainerteam<\/a><\/li>\n\t<li id=\"menu-item-1260\" class=\"menu-item menu-item-type-post_type menu-item-object-page menu-item-1260\"><a href=\"https:\/\/www.tsv-muenchingen.de\/fussball\/mannschaften\/juniorinnen\/d-juniorinnen\/spieltage-tabelle-d-juniorinnen\/\">Spieltage\/Tabelle<\/a><\/li>\n\t<li id=\"menu-item-845\" class=\"menu-item menu-item-type-custom menu-item-object-custom menu-item-has-children menu-item-845\"><a href=\"#\">Berichte<\/a>\n\t<ul class=\"sub-menu\">\n\t\t<li id=\"menu-item-838\" class=\"menu-item menu-item-type-post_type menu-item-object-page menu-item-838\"><a href=\"https:\/\/www.tsv-muenchingen.de\/fussball\/mannschaften\/juniorinnen\/d-juniorinnen\/d-maedels-13-14\/\">Saisons 2013 bis 2020<\/a><\/li>\n\t<\/ul>\n<\/li>\n\t<li id=\"menu-item-848\" class=\"menu-item menu-item-type-post_type menu-item-object-page menu-item-848\"><a href=\"https:\/\/www.tsv-muenchingen.de\/fussball\/mannschaften\/juniorinnen\/d-juniorinnen\/bilder-d-maedels\/\">Bilder<\/a><\/li>\n<\/ul>\n<\/li>\n<li id=\"menu-item-566\" class=\"menu-item menu-item-type-custom menu-item-object-custom menu-item-has-children menu-item-566\"><a href=\"#\">E-Juniorinnen<\/a>\n<ul class=\"sub-menu\">\n\t<li id=\"menu-item-628\" class=\"menu-item menu-item-type-post_type menu-item-object-page menu-item-628\"><a href=\"https:\/\/www.tsv-muenchingen.de\/fussball\/mannschaften\/juniorinnen\/e-juniorinnen\/e-juniorinnen-saison-21-22\/\">Mannschaft<\/a><\/li>\n\t<li id=\"menu-item-1037\" class=\"menu-item menu-item-type-post_type menu-item-object-page menu-item-1037\"><a href=\"https:\/\/www.tsv-muenchingen.de\/fussball\/mannschaften\/juniorinnen\/e-juniorinnen\/trainerteam-e-juniorinnen\/\">Trainerteam<\/a><\/li>\n\t<li id=\"menu-item-1041\" class=\"menu-item menu-item-type-custom menu-item-object-custom menu-item-has-children menu-item-1041\"><a href=\"#\">Berichte<\/a>\n\t<ul class=\"sub-menu\">\n\t\t<li id=\"menu-item-1040\" class=\"menu-item menu-item-type-post_type menu-item-object-page menu-item-1040\"><a href=\"https:\/\/www.tsv-muenchingen.de\/fussball\/mannschaften\/juniorinnen\/e-juniorinnen\/e-juniorinnen-saisons-2016-bis-2020\/\">Saisons 2016 bis 2020<\/a><\/li>\n\t<\/ul>\n<\/li>\n\t<li id=\"menu-item-1044\" class=\"menu-item menu-item-type-post_type menu-item-object-page menu-item-1044\"><a href=\"https:\/\/www.tsv-muenchingen.de\/fussball\/mannschaften\/juniorinnen\/e-juniorinnen\/bilder-e-juniorinnen\/\">Bilder<\/a><\/li>\n<\/ul>\n<\/li>\n<\/ul><\/div><\/div><\/div><\/div><\/div>","protected":false},"excerpt":{"rendered":"","protected":false},"author":39,"featured_media":0,"parent":16,"menu_order":40,"comment_status":"closed","ping_status":"closed","template":"","meta":{"ngg_post_thumbnail":0,"footnotes":""},"class_list":["post-85","page","type-page","status-publish","hentry"],"publishpress_future_action":{"enabled":false,"date":"2026-04-24 08:13:57","action":"change-status","newStatus":"draft","terms":[],"taxonomy":"","extraData":[]},"publishpress_future_workflow_manual_trigger":{"enabledWorkflows":[]},"_links":{"self":[{"href":"https:\/\/www.tsv-muenchingen.de\/fussball\/wp-json\/wp\/v2\/pages\/85","targetHints":{"allow":["GET"]}}],"collection":[{"href":"https:\/\/www.tsv-muenchingen.de\/fussball\/wp-json\/wp\/v2\/pages"}],"about":[{"href":"https:\/\/www.tsv-muenchingen.de\/fussball\/wp-json\/wp\/v2\/types\/page"}],"author":[{"embeddable":true,"href":"https:\/\/www.tsv-muenchingen.de\/fussball\/wp-json\/wp\/v2\/users\/39"}],"replies":[{"embeddable":true,"href":"https:\/\/www.tsv-muenchingen.de\/fussball\/wp-json\/wp\/v2\/comments?post=85"}],"version-history":[{"count":24,"href":"https:\/\/www.tsv-muenchingen.de\/fussball\/wp-json\/wp\/v2\/pages\/85\/revisions"}],"predecessor-version":[{"id":3100,"href":"https:\/\/www.tsv-muenchingen.de\/fussball\/wp-json\/wp\/v2\/pages\/85\/revisions\/3100"}],"up":[{"embeddable":true,"href":"https:\/\/www.tsv-muenchingen.de\/fussball\/wp-json\/wp\/v2\/pages\/16"}],"wp:attachment":[{"href":"https:\/\/www.tsv-muenchingen.de\/fussball\/wp-json\/wp\/v2\/media?parent=85"}],"curies":[{"name":"wp","href":"https:\/\/api.w.org\/{rel}","templated":true}]}}