{"id":16,"date":"2021-02-13T13:17:38","date_gmt":"2021-02-13T12:17:38","guid":{"rendered":"https:\/\/www.tsv-muenchingen.de\/leichtathletik\/?page_id=16"},"modified":"2026-04-24T18:26:42","modified_gmt":"2026-04-24T16:26:42","slug":"stadtlauf","status":"publish","type":"page","link":"https:\/\/www.tsv-muenchingen.de\/leichtathletik\/stadtlauf\/","title":{"rendered":"Stadtlauf"},"content":{"rendered":"\n<p>Dieses Jahr kann voraussichtlich endlich wieder ein M\u00fcnchinger Stadtlauf stattfinden!<\/p>\n\n\n\n<p>Am Samstag, den <strong><strong>09.05.2026<\/strong><\/strong> finden ab <strong>17:30 Uhr<\/strong> die L\u00e4ufe statt.<br>Dabei haben wir folgende L\u00e4ufe:<\/p>\n\n\n\n<ul class=\"wp-block-list\">\n<li><strong>Bambini-Lauf<\/strong> (600m) f\u00fcr alle Kinder, die noch nicht in der Schule sind<\/li>\n\n\n\n<li><strong>1 km<\/strong>-L\u00e4ufe f\u00fcr Kinder aus den Klassen 1-4<\/li>\n\n\n\n<li><strong>2 km<\/strong>-L\u00e4ufe f\u00fcr Kinder aus den Klassen 4 und h\u00f6her (Jahrg\u00e4nge 2012-2015)<\/li>\n<\/ul>\n\n\n\n<p>Preise gibt es f\u00fcr die ersten drei Sieger der L\u00e4uferklassen (also je Klasse). Bei den 2 km-L\u00e4ufen wird nach Jahrg\u00e4ngen gewertet.<\/p>\n\n\n\n<h2 class=\"wp-block-heading\">Informationen<\/h2>\n\n\n\n<p>Unser Anmeldepavillon befindet sich am Tag des Laufes am Stiegelplatz am Fu\u00dfg\u00e4nger\u00fcberweg am ehemaligen Elfriede&#8217;s L\u00e4dle. <br>Am Tag des Stadtlaufs k\u00f6nnen ab etwa 15:45 Uhr bis sp\u00e4testens 16:30 Uhr die Startnummern an unserem Anmeldepavillon abgeholt sowie Nachmeldungen get\u00e4tigt werden. Die Startgeb\u00fchr sowie ggf. Nachmeldegeb\u00fchr muss bei Abholung der Startnummer bar bezahlt werden.<\/p>\n\n\n\n<p>Der Bambinilauf startet in der Christophstra\u00dfe etwa auf H\u00f6he des evangelischen Pfarramtes der Johanniskirche.<\/p>\n\n\n\n<p>Die 1-km-L\u00e4ufe sowie der 2-km-Lauf starten und Enden am Stiegelplatz etwa auf H\u00f6he des Fu\u00dfg\u00e4nger\u00fcberwegs bei der Volksbank. Der Start bzw. das Ziel sind durch einen sichtbaren gro\u00dfen, blauen Bogen markiert. Der Lauf geht zun\u00e4chst die Stuttgarter Stra\u00dfe in Richtung Kreuzung Stuttgarter Stra\u00dfe\/Hauptstra\u00dfe. Kurz vor der Kreuzung wenden die L\u00e4uferInnen und bewegen sich zur\u00fcck zum Stiegelplatz. Dort biegen die L\u00e4uferInnen dann in die Christophstra\u00dfe ab. Am Ende der Christophstra\u00dfe biegen die L\u00e4uferInnen dann nach rechts in die Ziegeleistra\u00dfe. An der Kreuzung zur Stuttgarter Stra\u00dfe biegen die L\u00e4uferInnen noch einmal nach rechts ab und laufen in die Zielgerade ein und durchqueren den Zielbogen. Beim 2-km-Lauf werden zwei Runden gelaufen.<\/p>\n\n\n\n<h2 class=\"wp-block-heading\">Anmeldung<\/h2>\n\n\n\n<p>F\u00fcr Einzelanmeldungen bitte eine E-Mail mit dem Namen (Vor- und Nachname) des Kindes, dem Geburtsjahr, dem Geschlecht (m\u00e4nnlich, weiblich), der Klasse und dem gew\u00fcnschten Lauf (Bambini, 1km, 2km) an <a href=\"mailto&#58;&#108;&#101;&#105;&#99;&#104;&#116;&#x61;&#x74;&#x68;&#x6c;&#x65;&#x74;&#x69;&#x6b;&#x40;&#x6a;&#x61;&#x6e;ke&#46;im\">&#x6c;&#x65;&#105;c&#x68;&#x74;&#97;&#116;h&#x6c;&#x65;&#116;&#105;k&#x40;&#x6a;&#97;nk&#x65;&#x2e;&#105;m<\/a>. F\u00fcr Sammelanmeldungen als Gruppe bitte eine Excel-Tabelle mit den selben Informationen senden, zus\u00e4tzlich bitte eine Kontaktperson (Name und Mailadresse) und den Namen der Gruppe benennen.<\/p>\n\n\n\n<p>Die <strong>Meldegeb\u00fchren<\/strong> betragen pro Lauf 4 \u20ac, der Bambinilauf ist kostenlos. Die Voranmeldung ist bis <strong><strong>Montag, den 04. Ma<\/strong>i 2026<\/strong> m\u00f6glich. <br>Eine Nachmeldung am Tag des Stadtlaufs ist bis 16:30 Uhr m\u00f6glich, zu den Meldegeb\u00fchren kommt eine <strong>Nachmeldegeb\u00fchr <\/strong>von 5 \u20ac hinzu.<\/p>\n\n\n\n<h2 class=\"wp-block-heading\"><strong>Ergebnisse<\/strong><\/h2>\n\n\n\n<p>Werden dann auf unserer Webseite abrufbar sein.<\/p>\n","protected":false},"excerpt":{"rendered":"<p>Dieses Jahr kann voraussichtlich endlich wieder ein M\u00fcnchinger Stadtlauf stattfinden! Am Samstag, den 09.05.2026 finden ab 17:30 Uhr die L\u00e4ufe statt.Dabei haben wir folgende L\u00e4ufe: Preise gibt es f\u00fcr die ersten drei Sieger der L\u00e4uferklassen (also je Klasse). Bei den 2 km-L\u00e4ufen wird nach Jahrg\u00e4ngen gewertet. Informationen Unser Anmeldepavillon befindet sich am Tag des Laufes [&hellip;]<\/p>\n","protected":false},"author":1,"featured_media":0,"parent":0,"menu_order":0,"comment_status":"closed","ping_status":"closed","template":"","meta":{"footnotes":""},"class_list":["post-16","page","type-page","status-publish","hentry"],"publishpress_future_action":{"enabled":false,"date":"2026-05-09 02:21:47","action":"change-status","newStatus":"draft","terms":[],"taxonomy":"","extraData":[]},"publishpress_future_workflow_manual_trigger":{"enabledWorkflows":[]},"_links":{"self":[{"href":"https:\/\/www.tsv-muenchingen.de\/leichtathletik\/wp-json\/wp\/v2\/pages\/16","targetHints":{"allow":["GET"]}}],"collection":[{"href":"https:\/\/www.tsv-muenchingen.de\/leichtathletik\/wp-json\/wp\/v2\/pages"}],"about":[{"href":"https:\/\/www.tsv-muenchingen.de\/leichtathletik\/wp-json\/wp\/v2\/types\/page"}],"author":[{"embeddable":true,"href":"https:\/\/www.tsv-muenchingen.de\/leichtathletik\/wp-json\/wp\/v2\/users\/1"}],"replies":[{"embeddable":true,"href":"https:\/\/www.tsv-muenchingen.de\/leichtathletik\/wp-json\/wp\/v2\/comments?post=16"}],"version-history":[{"count":17,"href":"https:\/\/www.tsv-muenchingen.de\/leichtathletik\/wp-json\/wp\/v2\/pages\/16\/revisions"}],"predecessor-version":[{"id":293,"href":"https:\/\/www.tsv-muenchingen.de\/leichtathletik\/wp-json\/wp\/v2\/pages\/16\/revisions\/293"}],"wp:attachment":[{"href":"https:\/\/www.tsv-muenchingen.de\/leichtathletik\/wp-json\/wp\/v2\/media?parent=16"}],"curies":[{"name":"wp","href":"https:\/\/api.w.org\/{rel}","templated":true}]}}